 Let q(n) be the third derivative of 5*n**4/3 + 5*n**3/6 - 22*n**2. Let k be q(1). Calculate the greatest common factor of k and z.
9
Let l be (-66)/(-44)*1406/3. Suppose 7*r = -12*r + l. What is the greatest common divisor of 333 and r?
37
Let y(q) = -q**3 - 6*q**2 + 10*q - 13. Let n = 205 - 213. Let l be y(n). Calculate the highest common factor of 280 and l.
35
Suppose -2*w = -3*n + 7*n - 2, -4*n - 5*w - 13 = 0. Suppose -7*c = -6*c + 3*s - 19, 57 = n*c - 5*s. Calculate the greatest common divisor of 38 and c.
19
Let v be (-181 + 1*-1)*4086/(-4767). What is the highest common divisor of v and 2904?
12
Suppose -2*r + 30 = -r. Let m(k) = k**2 - 17*k - 23. Let t be m(23). Let o be t/10 - 3/(-6). What is the highest common factor of r and o?
6
Let l = 17874 + -9808. What is the highest common factor of 148 and l?
74
Let t = -10 + 289. Suppose 4*y + 167 = t. What is the highest common factor of 308 and y?
28
Suppose 81*t = 86*t - 110. Let g(k) = -k**3 + 23*k**2 - 18*k - 67. Let s be g(t). What is the highest common divisor of s and 21?
21
Let o(n) = 40*n + 846. Let s be o(-21). Suppose 0 = 3*p - 11 - 151. Calculate the highest common divisor of s and p.
6
Let n be -1*1/2*(1 + -5). Suppose -n*q - 30 - 66 = 0. Let w = q + 140. Calculate the greatest common factor of 23 and w.
23
Let m be 54/8*(775 + -79). Let v be (-6)/9*m/(-36). Calculate the greatest common factor of 145 and v.
29
Let d(f) = 15*f - 32. Let b be d(8). Let y(w) = 14*w - 2. Let j be y(-5). Let k = j + b. Calculate the greatest common divisor of 176 and k.
16
Let x(q) = q**3 + 4*q**2 + 8*q - 217. Let r be x(5). What is the highest common factor of r and 213?
3
Suppose 5*q + 2*g - 30535 - 66008 = 0, -3*g - 19329 = -q. What is the highest common divisor of q and 123?
123
Suppose 14*k - 10*k - 340 = -s, 0 = s - 3*k - 375. Suppose -s = -21*h - 3*h. What is the greatest common divisor of h and 240?
15
Let b = -22 + 143. Let h = b + -59. Suppose 2*l = 4 + 58. What is the highest common divisor of h and l?
31
Let s(q) = -q**2 - 9*q - 12. Let a be s(-7). Let g be a - (-379 - -3)/4. Let i be 189/(-18)*g/(-7). What is the highest common factor of 16 and i?
16
Suppose 0 = -50*g - g + 153. Suppose 5*s = s + 12. Suppose 0 = 2*h - s*i - 14, -3*h - g*i - 8 + 44 = 0. What is the highest common factor of 30 and h?
10
Suppose 240*g = 402*g - 194*g + 8128. What is the greatest common divisor of 25527 and g?
127
Let m = -8 - -30. Let d be -16*2/4*(-6)/16. Suppose 64*f = 62*f - a + 570, 0 = d*f + 3*a - 852. What is the highest common factor of f and m?
22
Let m(s) = s**3 + 17*s**2 + 17*s + 17. Let c be m(-16). Let t be (c + -4)*(10 - 350/30). Calculate the highest common divisor of 10 and t.
5
Suppose -19 = -2*i + 39. Suppose 9*w - 21344 = -19*w - 18*w. Calculate the greatest common factor of i and w.
29
Suppose 279*w + 103896 = 316*w. What is the greatest common divisor of 1944 and w?
216
Suppose -17*a + 8*a - 2070 = 0. Let r be (3 - 2) + a/(-2) + 3. What is the greatest common factor of r and 21?
7
Let r be 2/16 - (-2253)/24. Let n = 96 - r. Let l = 9 + 1. What is the highest common divisor of n and l?
2
Let h be (-4)/6*(1746/12 - 3). Let l = -14 - h. Calculate the greatest common factor of l and 3.
3
Suppose 22*p - 4*v - 684 = 20*p, v + 3 = 0. Let n = -175 + p. Calculate the highest common factor of n and 7.
7
Suppose -63892 = -51*t + 9*t - 9292. What is the highest common divisor of t and 390?
130
Let o(u) = 8*u + 60. Let d be o(-7). Suppose 3*n - 72 = -2*h + 91, d*h = -n + 311. Let g = -9 + 31. Calculate the highest common divisor of g and h.
11
Suppose -119 + 38 = 9*j. Let y(g) = 3*g**2 + 24*g + 133. Let w be y(j). Let c(r) = 16*r. Let a be c(2). Calculate the greatest common divisor of w and a.
32
Let o = 6019 - 5989. Calculate the greatest common divisor of o and 2556.
6
Let o(h) = h**3 - 14*h**2 + 3*h - 9. Let z be o(14). Let x = 32 - z. Let i be (((-560)/(-4))/(-2))/x. What is the highest common factor of i and 35?
35
Suppose -4*q + 24 = 4. Suppose u - 10 = -2*d, -3*u = d + 8 - 18. Suppose -o = -q + d. What is the greatest common divisor of o and 7?
1
Suppose 5*l - 63 = 4032. Suppose 0*w = -4*w + c + 256, -3*c + 177 = 3*w. What is the highest common factor of l and w?
63
Let t be 7/(-119)*-2 + 77400/153. What is the greatest common factor of t and 88?
22
Suppose 171*o = -26*o - 20942 + 55220. What is the greatest common divisor of 2523 and o?
87
Suppose 48*z = -16*z - 24*z + 4136. What is the greatest common divisor of 1457 and z?
47
Suppose 0*r - 4*r + 144 = 0. Suppose -22*g = -18*g - 2568. Let x = -318 + g. What is the highest common factor of x and r?
36
Suppose 4*m - 20 = -5*q, m - 20 = -5*q - 4*m. Suppose -q*a + 3*r + 17 = -30, 5*a - 4*r = 58. What is the highest common factor of 22 and a?
2
Let u be 2 - (-3 - -5) - -1*4. Let p = 54 - 20. Let m = p - u. Calculate the highest common factor of m and 30.
30
Let i be 0 - -4*(2 + (-9)/6). Suppose 6*q + i*q + 336 = 0. Let d = 78 + q. What is the highest common divisor of d and 12?
12
Let c be 16/12*36/2. Let h(d) = -d**3 + 20*d**2 - 35*d + 34. Let g be h(18). Suppose -g*j + 56*j = 336. Calculate the highest common divisor of c and j.
12
Suppose -4*g + 3*o - 26 = 0, 5*g + 18 + 30 = -4*o. Let b = 2 - g. Suppose -12*d + 88 = -b*d. Calculate the highest common factor of 11 and d.
11
Suppose -2128 + 2117 = -11*a. What is the greatest common factor of 281 and a?
1
Let s(r) = -199*r - 3914. Let a be s(-20). Calculate the greatest common divisor of 13750 and a.
22
Suppose -5*z + z = -180. Suppose 0 = -4*u + 5*h + 180, -14 = -u + 3*h + 38. Let x be (-3 + u/15)*-54. What is the highest common factor of x and z?
9
Let f = -4 - 11. Let y be (2 - (-32)/(-40))*f/2. Let b be 24/(-7)*((-189)/(-2))/y. What is the greatest common divisor of 27 and b?
9
Let p be ((-138)/25)/((-12)/120)*(-2800)/(-105). Calculate the greatest common divisor of 1288 and p.
184
Suppose -m - 30*m + 18*m + 46345 = 0. Calculate the highest common divisor of m and 775.
155
Let z(u) = -835*u + 2667. Let g be z(3). What is the highest common divisor of 1818 and g?
18
Let i(p) = 364*p + 37. Let j be i(2). What is the highest common factor of j and 105?
15
Let m = 4 - -4. Suppose -m*u = -13*u + 25. Let n(o) = -663*o - 2622. Let b be n(-4). What is the highest common divisor of u and b?
5
Let y be -6*((-2)/(-3) - 1). Suppose 4*i = y*i + 22. Let a(z) = 32*z**2 + 511*z + 6. Let w be a(-16). Calculate the highest common factor of w and i.
11
Let m = -362 - -362. Suppose 0 = 4*u - 5*o - 22, m*o = -2*u + 4*o + 14. Calculate the greatest common divisor of u and 93.
3
Suppose -5*x - p + 38 = 0, 6 = 4*p - 2*p. Suppose 0 = x*i - 71 - 83. Calculate the greatest common divisor of 77 and i.
11
Let j be (-320)/(-2) - (10 - ((-3 - -22) + -5)). Calculate the highest common divisor of 4592 and j.
164
Let x(h) = 3041*h**2 - 85*h + 84. Let z be x(1). Calculate the highest common divisor of 32 and z.
32
Let x(h) = -165*h + 130. Let r be x(-3). Let d = -592 + r. Let b = 75 + -9. What is the highest common divisor of b and d?
33
Suppose 4*d = -4*j + 204, -7*j = -6*j - 5. Suppose 0 = 2*c + d - 132. Calculate the greatest common factor of c and 473.
43
Suppose -2*r + 576 = -2*a, 3*r - 407 - 427 = -3*a. Let g = -148 + r. Calculate the highest common factor of 60 and g.
15
Suppose 757*r + m - 285 = 755*r, -4*r - 3*m = -575. What is the greatest common divisor of 5300 and r?
20
Suppose -12*v + 1736 = 3*v - v. Calculate the greatest common factor of 155 and v.
31
Suppose 0*a + 5*a - 130 = 0. Suppose 3*p + 42*p - 25*p = 4420. Calculate the highest common factor of a and p.
13
Let n = -5601 - -5657. Suppose 4*d - 4*u - 628 = 3*d, 3083 = 5*d - u. Calculate the greatest common divisor of d and n.
56
Let o be ((-3)/6 - (-27522)/4) + 48 + -50. Calculate the highest common factor of 38 and o.
38
Suppose -20 = -5*b, p = -p - 2*b + 38. Suppose p*y - 1007 - 943 = 0. Calculate the highest common factor of 455 and y.
65
Let d be (-4 - (-26 - -10))*(79 - 0) - 2. Calculate the highest common factor of 88 and d.
22
Suppose -5196 = -12*k + 19993 - 4429. What is the greatest common divisor of k and 130?
10
Suppose 3*k = 22*k + 95. Let n(p) = -29*p - 46. Let w be n(k). What is the greatest common divisor of 18 and w?
9
Suppose 0 = k